True
Does 170 divide 3778440?
False
Is 340 a factor of 66980?
True
Is 444768 a multiple of 69?
False
Is 92 a factor of 16142504?
True
Does 145 divide 262891?
False
Does 71 divide 41325?
False
Does 6 divide 362505?
False
Does 385 divide 4320282?
False
Does 86 divide 15008?
False
Is 116445 a multiple of 105?
True
Does 194 divide 5048850?
True
Is 2164384 a multiple of 239?
True
Is 18 a factor of 55764?
True
Is 23 a factor of 99025?
False
Does 22 divide 2311631?
False
Does 95 divide 256975?
True
Does 25 divide 422878?
False
Is 51 a factor of 30002?
False
Does 1460 divide 3303980?
True
Is 144 a factor of 261196?
False
Is 4 a factor of 282414?
False
Does 103 divide 1273286?
True
Does 212 divide 3967368?
True
Is 587 a factor of 5934570?
True
Is 10239661 a multiple of 387?
False
Is 50 a factor of 7244012?
False
Does 17 divide 1292153?
True
Is 101866 a multiple of 62?
True
Is 6 a factor of 19933?
False
Does 10 divide 19060?
True
Is 46760 a multiple of 35?
True
Does 22 divide 2575122?
True
Does 119 divide 575305?
False
Is 93 a factor of 1709547?
False
Is 361025 a multiple of 5?
True
Does 2 divide 64474?
True
Is 966 a factor of 18451566?
True
Is 1012634 a multiple of 49?
True
Does 13 divide 14795294?
False
Does 148 divide 707590?
False
Is 574 a factor of 1319052?
True
Does 14 divide 258356?
True
Does 318 divide 65508?
True
Is 489632 a multiple of 22?
True
Does 106 divide 3622232?
True
Is 3 a factor of 118314?
True
Is 34 a factor of 3910816?
True
Does 48 divide 409508?
False
Is 646632 a multiple of 291?
False
Does 181 divide 3479906?
True
Is 68553 a multiple of 79?
False
Does 16 divide 12058873?
False
Is 31 a factor of 69522?
False
Is 20 a factor of 639180?
True
Is 51 a factor of 2538576?
True
Is 179196 a multiple of 274?
True
Is 127256 a multiple of 2?
True
Does 3 divide 44171?
False
Is 9 a factor of 2069235?
True
Is 1778220 a multiple of 222?
True
Does 336 divide 404544?
True
Is 163158 a multiple of 142?
True
Is 6 a factor of 2688?
True
Is 132540 a multiple of 10?
True
Does 576 divide 163329?
False
Does 285 divide 20570?
False
Is 354127 a multiple of 67?
False
Is 13 a factor of 3802242?
False
Is 7061200 a multiple of 508?
True
Is 61 a factor of 10370?
True
Is 438550 a multiple of 30?
False
Is 2287584 a multiple of 141?
True
Is 176932 a multiple of 7?
True
Is 2112096 a multiple of 588?
True
Does 64 divide 196758?
False
Does 200 divide 1483010?
False
Is 1558267 a multiple of 4?
False
Does 684 divide 2679024?
False
Does 148 divide 1484736?
True
Is 23 a factor of 4208149?
True
Is 2 a factor of 72762?
True
Is 4173032 a multiple of 41?
False
Does 202 divide 5155040?
True
Does 29 divide 369284?
False
Does 116 divide 325641?
False
Does 19 divide 235144?
True
Does 41 divide 101721?
True
Is 20 a factor of 19915080?
True
Is 813 a factor of 662755?
False
Does 17 divide 122669?
False
Does 29 divide 443468?
True
Does 42 divide 1123710?
True
Is 1702403 a multiple of 36?
False
Is 11 a factor of 5015?
False
Is 192780 a multiple of 270?
True
Is 33 a factor of 352440?
True
Is 28 a factor of 124198?
False
Does 19 divide 156749?
False
Is 97 a factor of 275383?
True
Is 1171600 a multiple of 101?
True
Does 70 divide 173250?
True
Is 87892 a multiple of 43?
True
Does 495 divide 311608?
False
Does 11 divide 69641?
True
Is 119076 a multiple of 42?
False
Is 8826368 a multiple of 64?
True
Is 3 a factor of 1043589?
True
Does 187 divide 3063348?
False
Is 2256135 a multiple of 15?
True
Does 1498 divide 5890136?
True
Does 18 divide 59760?
True
Does 15 divide 22185540?
True
Is 201 a factor of 5628?
True
Is 113238 a multiple of 6?
True
Is 63 a factor of 230202?
True
Is 35 a factor of 10395?
True
Is 8 a factor of 17503?
False
Is 2746548 a multiple of 98?
True
Is 14 a factor of 922259?
False
Is 3010764 a multiple of 85?
False
Is 34 a factor of 490212?
True
Is 967045 a multiple of 32?
False
Does 89 divide 1155014?
False
Is 150133 a multiple of 31?
True
Does 163 divide 76057?
False
Does 79 divide 851225?
True
Does 74 divide 370?
True
Does 228 divide 480852?
True
Does 35 divide 603884?
False
Is 12 a factor of 636372?
True
Is 1433160 a multiple of 60?
True
Is 4 a factor of 104096?
True
Is 12978986 a multiple of 118?
False
Is 6 a factor of 178715?
False
Is 569 a factor of 1243950?
False
Is 966276 a multiple of 30?
False
Is 408 a factor of 147288?
True
Is 193660 even?
True
Is 66 a factor of 254670?
False
Is 87693 a multiple of 7?
False
Is 92449 a multiple of 7?
True
Is 536 a factor of 1768631?
False
Does 24 divide 975790?
False
Is 80 a factor of 715680?
True
Is 76 a factor of 81852?
True
Does 645 divide 3688978?
False
Is 4 a factor of 293538?
False
Is 1262 a factor of 7695688?
False
Is 3126288 a multiple of 31?
True
Does 727 divide 601956?
True
Does 42 divide 121821?
False
Is 1716657 a multiple of 165?
False
Is 1569610 a multiple of 1319?
True
Is 56 a factor of 17314508?
False
Is 399903 a multiple of 16?
False
Is 321540 a multiple of 3?
True
Is 17478 a multiple of 3?
True
Is 1288028 a multiple of 11?
False
Does 16 divide 777423?
False
Is 136365 a multiple of 9?
False
Is 13 a factor of 29216?
False
Does 1940 divide 14427729?
False
Does 23 divide 363370?
False
Is 1468854 a multiple of 27?
True
Is 6 a factor of 906342?
True
Is 903763 a multiple of 19?
False
Is 12 a factor of 51444?
True
Does 21 divide 2082049?
False
Is 137547 a multiple of 93?
True
Does 53 divide 1740479?
False
Does 11 divide 1766840?
False
Does 49 divide 265335?
True
Is 33 a factor of 28379?
False
Is 3019948 a multiple of 998?
True
Does 42 divide 914382?
True
Does 48 divide 16080?
True
Is 461774 a multiple of 3?
False
Is 74 a factor of 709237?
False
Is 155 a factor of 292795?
True
Is 8 a factor of 186932?
False
Does 262 divide 3248695?
False
Is 12028989 a multiple of 206?
False
Is 1853233 a multiple of 143?
False
Is 974 a factor of 7723208?
False
Does 59 divide 124077?
True
Is 3265325 a multiple of 7?
True
Does 72 divide 42552?
True
Does 9 divide 179052?
False
Does 199 divide 265267?
True
Does 121 divide 1319142?
True
Does 17 divide 3260300?
False
Does 12 divide 54529?
False
Is 11 a factor of 723877?
True
Is 15 a factor of 21998?
False
Does 247 divide 4054915?
False
Does 20 divide 1943740?
True
Does 1443 divide 1085136?
True
Is 93036 a multiple of 4?
True
Does 954 divide 20144547?
False
Does 14 divide 19019?
False
Does 157 divide 1413?
True
Is 205955 a multiple of 11?
False
Does 23 divide 3299005?
True
Does 8 divide 12767?
False
Does 344 divide 2974403?
False
Is 481289 even?
False
Is 227194 a multiple of 3?
False
Is 14651739 a multiple of 17?
True
Is 4 a factor of 18097?
False
Is 82 a factor of 112340?
True
Is 15 a factor of 46050?
True
Is 1757360 a multiple of 176?
True
Is 192917 a multiple of 14?
False
Is 10 a factor of 350416?
False
Is 3454775 a multiple of 15?
False
Is 109448 a multiple of 7?
False
Does 12 divide 6555069?
False
Is 479172 a multiple of 219?
True
Does 748 divide 1055815?
False
Is 173 a factor of 650134?
True
Does 49 divide 598535?
True
Does 16 divide 4707856?
True
Is 4412758 a multiple of 119?
True
Is 695 a factor of 3676199?
False
Does 6 divide 31762?
False
Is 437490 a multiple of 28?
False
Is 185 a factor of 86765?
True
Is 100 a factor of 393125?
False
Does 7 divide 53769?
False
Is 134 a factor of 334301?
False
Does 10 divide 4714730?
True
Is 5459525 a multiple of 25?
True
Does 52 divide 2690532?
True
Is 255 a factor of 1531069?
False
Is 39 a factor of 5407856?
False
Does 81 divide 1889649?
True
Is 602756 a multiple of 412?
True
Is 236 a factor of 2671084?
False
Does 12 divide 427345?
False
Is 1163085 a multiple of 33?
True
Is 4093741 a multiple of 492?
False
Is 2427559 a multiple of 704?
False
Is 1661240 a multiple of 35?
True
Does 12 divide 479894?
False
Is 21 a factor of 40488?
True
Does 636 divide 1654871?
False
Is 2053480 a multiple of 11?
True
Is 23 a factor of 12114?
False
Does 5 divide 247149?
False
Is 397 a factor of 811468?
True
Is 1816760 a multiple of 440?
True
Does 26 divide 4678596?
True
Is 296 a factor of 23592?
False
Is 22 a factor of 2239813?
False
Is 421 a factor of 4021717?
False
Is 1403568 a multiple of 486?
True
Does 543 divide 469811?
False
Is 103 a factor of 37080?
True
Is 115633 a multiple of 6?
False
Does 47 divide 1475377?
True
Is 9 a factor of 1156023?
True
Is 1676740 a multiple